{"id":2354,"date":"2020-01-02T20:28:36","date_gmt":"2020-01-02T19:28:36","guid":{"rendered":"http:\/\/pioch.dk\/tur\/?page_id=2354"},"modified":"2022-12-04T22:22:07","modified_gmt":"2022-12-04T21:22:07","slug":"rlk","status":"publish","type":"page","link":"https:\/\/pioch.dk\/tur\/rlk\/","title":{"rendered":"ReiseLustKolloque"},"content":{"rendered":"<p>Das <em><strong>ReiseLustKolloque<\/strong><\/em> ist kein Spaziergang in der Region. Aber bei \u201aVerwandten\u2018 kann\/muss\/soll nicht immer eine neue homepage entstehen\u2026.<\/p>\n<h2><span style=\"color: #99cc00;\"><em><strong>ReiseLustKolloque<\/strong><\/em><\/span><\/h2>\n<p>Reisen ist eine feine Sache. F\u00fcr Kopf Herz und Hand. In der Studienzeit bestehen oft viele M\u00f6glichkeiten des Reisens.<\/p>\n<p>Das nutzen Viele! Und nach dem Studium ist vor einer Reisezeit. Ohne Hochschulbezug wird auch nicht auch gerade wenig gereist\u2026<\/p>\n<p>Nach einigen Exkursionen, Gespr\u00e4chen, Spazierg\u00e4ngen hat sich eine Gruppe an der Flensburger Europa-Universit\u00e4t gefunden (Karo, Eli, Martin, Svenja, Laura, Axel) die die auf Reisen gemachten Erfahrungen offen legen und Weiteren zug\u00e4nglich machen m\u00f6chte.<\/p>\n<p>Wir treffen uns seit dem Herbst 2019 in unregelm\u00e4\u00dfigen Abst\u00e4nden und tauschen mit weiteren Gereisten das Erlebte aus. Corona hat auch uns und diese Initiative arg gebeutelt. Aber wir schauen vora: Es geht uns nicht um wissenschaftliche Vortr\u00e4ge, sondern Erz\u00e4hlungen.<\/p>\n<p>Ein paar Bilder &#8211; die Faustformel ist ein dutzend Bilder &#8211; sagen dabei mehr Lexikaeintr\u00e4ge: Eindr\u00fccke. Abweichungen und Themen ergeben sich ad hoc. Das Weitere ergibt sich durch den direkten Austausch!<\/p>\n<p>Bisher hatten wir folgende Berichte:<\/p>\n<p><em>27. November 2019:<\/em><br \/>\nKosovo (Leo)<br \/>\nKroatien (Dominik)<\/p>\n<p><em>11. November 2019:<\/em><br \/>\nIsland (Steffen)<br \/>\nUckermark (Eli)<\/p>\n<p><em>22. Oktober 2019:<\/em><br \/>\nLondon (Svenja und Harry P.)<br \/>\nM\u00fcritz (Alex)<br \/>\nPolen (Yona)<\/p>\n<p>Wir sind offen f\u00fcr alle: Studierende, an der Hochschule Arbeitende, Lehrende, aus dem Leben Kommende\u2026 Uns interessiert nicht dein Status; es geht um das Austauschen von Erlebnissen.<\/p>\n<p>Wenn du teilnehmen m\u00f6chtest und noch keine Einladung zu unseren Treffen bekommen hast, melde dich bitte zuvor bei Axel (siehe Contact). Denn auch wir m\u00fcssen ein wenig vorbreiten und du willst sicher wissen, wo wir uns treffen \ud83d\ude42<\/p>\n<p>*******************<\/p>\n<p><strong><span style=\"color: #00ff00;\">Aktuell:<\/span><\/strong><\/p>\n<p><strong>Das\u00a0 ReiseLustKolloque soll im Fr\u00fchjahrssemester 2023 wieder starten!<\/strong><\/p>\n<p>Wir wollen ein tolles Format, bei dem wir jede Menge Spa\u00df hatten, wieder aufnehmen. Ob es Pandemie bedingt ein webbasiertes Kolloque oder in Pr\u00e4senz durchgef\u00fchrt wird, liegt an den Bedingen der Europa-Universit\u00e4t Flensburg. Die Planungen f\u00fcr Pr\u00e4senz sind am Laufen&#8230;<\/p>\n<p>Daher suchen wir Menschen, die von ihren Reisen (im weitesten Sinn&#8230; eine Tour nach Eck&#8217;town, zur F\u00e4hre Missunde oder zum Arbeiter- und Bauernparadies Sylt kann auch hammerspannend sein!) berichten m\u00f6chten.<\/p>\n<p>Melde dich (siehe Contact im blog) und das ReiseLustKolloqueTeam meldet sich dann wieder bei dir. Und wir machen dir einen Vorschlag \ud83d\ude42<\/p>\n<p>*******************<\/p>\n","protected":false},"excerpt":{"rendered":"<p>Das ReiseLustKolloque ist kein Spaziergang in der Region. Aber bei \u201aVerwandten\u2018 kann\/muss\/soll nicht immer eine neue homepage entstehen\u2026. ReiseLustKolloque Reisen ist eine feine Sache. F\u00fcr Kopf Herz und Hand. In der Studienzeit bestehen oft viele M\u00f6glichkeiten des Reisens. Das nutzen Viele! Und nach dem Studium ist vor einer Reisezeit. Ohne Hochschulbezug wird auch nicht auch [&hellip;]<\/p>\n","protected":false},"author":2,"featured_media":0,"parent":0,"menu_order":0,"comment_status":"closed","ping_status":"closed","template":"","meta":{"footnotes":""},"class_list":["post-2354","page","type-page","status-publish","hentry"],"_links":{"self":[{"href":"https:\/\/pioch.dk\/tur\/wp-json\/wp\/v2\/pages\/2354","targetHints":{"allow":["GET"]}}],"collection":[{"href":"https:\/\/pioch.dk\/tur\/wp-json\/wp\/v2\/pages"}],"about":[{"href":"https:\/\/pioch.dk\/tur\/wp-json\/wp\/v2\/types\/page"}],"author":[{"embeddable":true,"href":"https:\/\/pioch.dk\/tur\/wp-json\/wp\/v2\/users\/2"}],"replies":[{"embeddable":true,"href":"https:\/\/pioch.dk\/tur\/wp-json\/wp\/v2\/comments?post=2354"}],"version-history":[{"count":17,"href":"https:\/\/pioch.dk\/tur\/wp-json\/wp\/v2\/pages\/2354\/revisions"}],"predecessor-version":[{"id":2984,"href":"https:\/\/pioch.dk\/tur\/wp-json\/wp\/v2\/pages\/2354\/revisions\/2984"}],"wp:attachment":[{"href":"https:\/\/pioch.dk\/tur\/wp-json\/wp\/v2\/media?parent=2354"}],"curies":[{"name":"wp","href":"https:\/\/api.w.org\/{rel}","templated":true}]}}